?
-1
-28 - (30 - (-23 - -50))
-31
What is the value of -1 + 2 - -3 - (-10 + 14 + -7)?
7
(2 - 10) + -4 + -7 + 6 + 5
-8
What is 19 + -16 - (5 + -3)?
1
What is 10 - (-18 + 40) - -32?
20
Evaluate -4 - 3 - -14 - (2 - (-4 - 1)).
0
What is the value of 3 + (-9 - -25) - 11?
8
What is the value of -13 + 34 + 6 + -46?
-19
Evaluate -8 + (39 - 2) + -11 + (1 - -5).
24
Evaluate (-3 - -37) + 1 + -336 + 326.
25
What is the value of 14 + -1 + (-10 + 6 - 4)?
5
Calculate -3 - (3 + (-4 - 0) - 9) - 17.
-10
-544 + 583 - (50 + -2)
-9
Evaluate -15 + (-9 - -13 - (-11 - -3)).
-3
Evaluate 3 + (-3 - (-7 + -7) - 2).
12
What is the value of (-18 - 2) + 13 - 10?
-17
What is the value of -2 + (-18 - -4) + 5?
-11
-1 + 1 + (15 - 12) + -1 + 4
6
Calculate (-11 - (27 + -48)) + -5.
5
What is (1 - 0) + (-8 - (3 - 11))?
1
What is 13 - (-7 + 9 + 28)?
-17
Evaluate (-31 - -5 - -46) + 0 + -8.
12
What is the value of 4 + (-14 + 4 - -5) + -12?
-13
Evaluate -1 + (-2 - 0) + (-2 - 5).
-10
Evaluate 153 + -167 + (25 - -2).
13
What is 0 + 2 + (-24 + 11 - -11)?
0
5 + (-4 + -32 - 8)
-39
What is the value of 0 + -1 + 3 + 109 + -93?
18
-11 + (-1 - (-6 + 11 + -4 + -7))
-6
Calculate 10 - (-20 + 32) - (-2 + 0).
0
What is the value of (20 + -1 - 1) + -26?
-8
Evaluate -3 + 15 - (-13 + 10 - -51).
-36
Calculate 2 + (-9 + 12 + -5 - -8) - 37.
-29
What is the value of (13 - (-4 + 11)) + -13 + -2 + -1?
-10
Calculate (10 - 4) + 36 + -55.
-13
Calculate -21 - -4 - -9 - 4.
-12
7 - 7 - (1 - (-2 + 13))
10
Calculate 5 + (-6 - (-1 - (5 - 1))) + 6.
10
What is (-1 - 6) + (0 - -11) + 3 + 7?
14
What is the value of 27 - (27 + 10) - (7 - (-4 - -5))?
-16
Calculate -5 + -7 - (-15 + -11).
14
Calculate 8 - 2 - (11 - 12) - 8.
-1
Calculate 6 - (39 + 16 + -16 - 16).
-17
1615 - 1599 - (11 - -1)
4
Calculate -29 - (3 + 1 + 9 + -6 + -7).
-29
2 + (11 - 5) + -10 + -16
-18
-7 - (-7 - ((-10 - (5 - 15)) + -11))
-11
What is the value of (12 - ((0 - 10) + 44)) + 0 + -5?
-27
-197 + 201 - (1 - -1)
2
What is (-18 + 11 - 10) + (-14 - -7)?
-24
Calculate 4 - 16 - (8 - (3 + 15 + -4)).
-6
What is (7 - 16) + -2 + -5?
-16
Calculate 32 - (12 - 13 - -17).
16
What is (-1 + -12 - (-153 + 164)) + (-1 - -6)?
-19
What is -6 - (0 + (19 - 24)) - (-20 - -1)?
18
Evaluate -277 + 264 + (-4 - -8).
-9
Evaluate (-20 - -9 - -11) + 8 + 6.
14
What is the value of -1 + -1 - (-5 + 26 + -16) - -1?
-6
-3 - (11 - (4 - (13 - 39)))
16
Evaluate -3 - ((13 - 4) + (-12 - 5)).
5
Evaluate (3 - -12) + -1 + -13 + (9 - -3).
13
Calculate -12 + 1 + 4 + 15 + -11.
-3
3 + -5 + 13 - (20 - (6 + -4))
-7
Evaluate -31 - (-9 - 12) - (-18 + -1).
9
What is (13 - -2) + -13 + 3 + 6?
11
What is -1 + (2 - (-3 - -7)) + (-8 - -1)?
-10
What is 22 - (-6 + 9 + 16)?
3
-7 - (0 - (-2 - -2)) - (-24 + 23)
-6
What is -5 + -2 + (61 - 50) + 7?
11
What is the value of 5 + (13 + -26 - -24)?
16
Calculate -11 - ((-33 - -43) + (-1 - 4)).
-16
-13 - (-18 + 23 - 7)
-11
Evaluate -10 + (30 - 36) + (0 - 1).
-17
-16 + 2 - ((-13 - 0) + 3)
-4
(8 - 4 - (0 - 3)) + -5
2
Evaluate (-2164 - -2148) + (0 + 0 - 0).
-16
What is the value of 2 - (-7 + -7 - (-8 - 5))?
3
What is 2 - (2 + -6 + (7 - (10 - -1)))?
10
What is the value of 12 + 11 + -39 + -19?
-35
What is the value of (-41 - -16) + 22 + 33?
30
What is the value of -8 + (0 - (-7 - (-6 + -6) - 5))?
-8
(-13 - 2) + (0 - ((-15 - -8) + 6))
-14
What is the value of (-7 - -11) + -10 + (5 - (-5 + -14))?
18
What is -2 + 0 - 11 - (-28 - (2 - 21))?
-4
What is 5 + 4 - ((-5 - -1) + (4 - -7))?
2
What is the value of -7 + (115 - 90 - (-4 + 11))?
11
(1 - -1) + (1 + -38 + 19 - 5)
-21
-20 - (-52 - -27) - (0 - 10)
15
What is the value of 8 - 5 - (15 + -13 - 14)?
15
Calculate -37 + 73 + -11 + -47.
-22
Evaluate (2 - (2 - -2)) + -1 - (-47 + 33).
11
Evaluate -242 - -245 - (-1 - -15).
-11
What is the value of 2 + 3 - (0 + (-3 - (2 - 6)))?
4
What is the value of -11 + -8 + (12 - -18)?
11
What is the value of (5 - (1 - 1)) + (6 - (36 + -36))?
11
What is the value of 27 + (15 + -8 - 44)?
-10
17 + 2 - (-128 + 165)
-18
Calculate 11 - 7 - (18 - 14).
0
(9 - ((2 - 4) + 21)) + 37
27
(-17 + 5 - -9) + 17
14
What is 18 + (-25 - (-17 - -10))?
0
(18 - (22 - (-12 - -17))) + 0 + 1
2
(18 - -5) + -22 + (15 - 3)
13
-19 + (8 - ((-14 - (-4 + -3)) + 9))
-13
(-10 - (6 + -10) - -3) + -1
-4
(-10 - -30) + -2 + (-1 - 3)
14
What is the value of -5 + 1 + 8 + (-16 - (6 + -4))?
-14
15 + -16 - (1 + 4)
-6
Calculate 67 - 35 - (2 - -3).
27
Evaluate -7 + -19 + (-16 + -3 + 11 - -2).
-32
What is the value of (46 - 51) + -2 + -1 + -20 + -1?
-29
-16 - (2 + (-34 - -4))
12
Evaluate 4 + -8 + (3 - -5) + -5.
-1
Evaluate (-2 + (7 - 5) - 5) + 5 + -14.
-14
Calculate (-418 - -416) + (8 - (-1 + 2) - -2).
7
Evaluate 0 - (17 - -4 - (26 - 18)) - 1.
-14
Calculate (-2 - -8) + 0 - (181 + -181).
6
-38 + 21 + 52 - 14
21
Calculate (-26 - -35) + (33 - 15).
27
Calculate -14 - (36 + -73 + 57).
-34
What is (-1 + -5 - -14) + -3 + -15?
-10
Calculate -225 - -217 - (1 + 1 + -20).
10
(0 - (5 + 1)) + 21 + -26
-11
What is 26 + (8 - (-5 + (-5 - -15))) + -9?
20
What is -3 - (-3 - -10 - 5) - -6?
1
(-47 - (-11 - (20 + -8))) + 0 + -8
-32
(10 - 4 - 10) + 11 - -4
11
What is (296 - 299) + (-3 - -26)?
20
What is the value of -2 - (2 - (5 - (-7 - -10)) - -10)?
-12
Evaluate (13 - 33) + -38 - -20.
-38
Evaluate 9 + (4 - (4 + 2 + 15)) + 26.
18
Evaluate 20 + -16 + -6 + 18.
16
What is -12 - ((-19 - -23) + 6)?
-22
What is the value of 12 - ((-1 - -6 - -1) + 667 + -675)?
14
(50 - (37 + -28)) + -23
18
Calculate -46 - -37 - (2 - (-3 - (-4 + 5))).
-15
What is the value of 0 + -20 + (774 - 773)?
-19
What is (-6 - (33 + -42)) + -12 + 1?
-8
What is the value of (9 - -2) + -49 + 55 + -3 + -27?
-13
Evaluate -12 - 1 - (-19 - (-14 - -1)).
-7
Calculate 8 + (-1 - 2 - -1).
6
Evaluate (20 - 0) + (79 + -28 - 66).
5
Calculate -9 - (-13 + 15 + -13).
2
What is -79 - (-80 - -39) - -44?
6
Calculate (16 + -15 - (5 - (-1 - -3))) + -14.
-16
Evaluate 7 - (-3 - -2) - ((1 - 11) + 0).
18
What is -15 + 8 + 9 + (21 - (0 - 0))?
23
What is -3 + 2 - (-5 + -1) - (-1 - 2)?
8
Calculate -1 + (-2 - (-5 - -12)) + 20.
10
Calculate 1 + -3 - (101 + -106) - (5 - -1).
-3
Evaluate -12 + 2 + -1 + (-48 - -41 - -17).
-1
(-14 - -14 - (-1 - 0)) + -9
-8
What is 1 - 1 - (0 + 0 + (170 - 166))?
-4
What is -36 - -2 - (-384 - -368)?
-18
Evaluate -9 + -1 + (-1 - -5) + 1.
-5
Evaluate 57 - 57 - (-3 - 2).
5
Evaluate -1 + 4 - (-22 + -26 + 39).
12
What is the value of 7 - (0 - ((-4 - 14) + 4)) - 12?
-19
What is 5 - (-5 - -3 - -1 - (4 - 0))?
10
What is (21 - 6) + -14 - (2 - 2)?
1
What is (-10 + 10 - 0) + 4 + -12?
-8
-2 + -12 + 9 - 3
-8
What is -249 + 219 + (1 - 6) - -10?
-25
Calculate 3 + -7 - -3 - (30 - 25).
-6
What is 9 + (2 - 13) + -3 - (23 - -6)?
-34
Calculate -2 - (18 + 0 + (-3 - 6)) - -40.
29
What is 18 + -10 + 8 + -5 + 3?
14
-10 + (10 - (7 - 6)) - -9
8
-6 + -3 + 6 + (0 - -3) - -7
7
Calculate 29 + 14 + 11 + -22.
32
What is -8 + 15 + (2 - (1 - (1 + 5)))?
14
0 + (-22 - -9 - 3)
-16
Calculate -5 + (-3 - -3) + (9 + -12 - -14).
6
What is -2 + -2 + 4 + (-4 - -1) + -5?
-8
Calculate -20 + (-20 + 34 - -11).
5
What is -1 - (-12 + (16 - 8))?
3
What is the value of (-4 - -17) + -28 + (1 - 6)?
-20
What is the value of -7 + 8 - (-4 - (1 + 2 + -4))?
4
66 + -51 + -25 + 0 + -2 + 10
-2
What is 1 + -4 + (11 - (7 - -1))?
0
What is the value of (-9 - (0 + -3)) + (-11 - (11 + -9))?
-19
Calculate 7 - 4 - (-4 + -3).
10
What is 7 + (58 - 62) + (1 - -13)?
17
What is -13 + 20 - ((7 - 2) + 16 + -32)?
18
What is the value of (-13 - -3) + -8 + 19?
1
What is -42 + -42 + 103 - 7?
12
Evaluate (-1 - (-12 + 14)) + -6 + (1 - 0).
-8
What is the value of (27 - -12) + 11 - 21?
29
What is the value of -3 + (7 + -1 - (-2 + 5)) + 6?
6
Calculate 0 + -1 + -5 + (-7 - -2 - -2).
-9
What is the value of (-3 + 11 - (-2 - -31)) + 4?
-17
Calculate 8 + (8 + -4 + 7 + -15 - 1).
3
Calculate (-1 + -3 - (64 - 65)) + 3.
0
Evaluate 36 + 5 + 11 + (9 - 35).
26
Calculate 636 + -629 - (-2 + (-1 - -28)).
-18
Calculate (-4 - (-10 - -7) - -7) + 1.
7
27 + (-17 - -1) - 3
8
-12 + 3 - (10 + -4 - (-8 - -11))
-12
Evaluate -5 - (1 - 9 - (9 + -3)) - 3.
6
(18 - 14) + -4 + 3 + -1 + -1
1
-1 + -6 + 4 + 8 + -1
4
Calculate -1 + (2 - 2) - -9 - (244 + -242).
6
What is 0 - (3 + (-4 + 15 + -7 - 0))?
-7
Calculate -1 - ((0 - -10) + -63 + 51 + -37).
38
What is the value of -6 + -1 - (8 - 3)?
-12
What is the value of (3 - 7) +